e prime factors of m(-31).
5, 71, 79
Suppose 0 = 328*t - 360*t + 268608. List the prime factors of t.
2, 3, 1399
Suppose 4*v = 161 - 137. Let q be 135/(-18)*(-4)/6. Suppose v*m - 1276 = -q*m. List the prime factors of m.
2, 29
Let c(s) be the second derivative of s**3/2 - 10*s**2 + 7*s. Let v be c(8). List the prime factors of (8/(-12))/(v/(-198)*3).
11
Suppose -i + 5*i = -4*d + 108, i + 4*d - 18 = 0. What are the prime factors of (2124/i)/((-12)/(-80))?
2, 59
Suppose -10*s = -15*s - 2625. Let w = -339 - s. List the prime factors of w.
2, 3, 31
Let v(p) = 117*p**2 - 2*p + 1. Let s(y) = 117*y**2 - 2*y - 1. Let n(r) = -2*s(r) + 3*v(r). What are the prime factors of n(2)?
7, 67
Let c = -2238 - -3750. List the prime factors of c.
2, 3, 7
Let b = -31 + 30. Let y be (220 - -2) + -1 + b. Let n = -127 + y. What are the prime factors of n?
3, 31
Let d(z) = -270*z + 29. Let y(x) = 272*x - 28. Let q(w) = 4*d(w) + 3*y(w). List the prime factors of q(-3).
2, 103
Suppose 0 = 431*y - 450*y + 325223. List the prime factors of y.
17117
Suppose 0 = 72*w - 74*w + 26990 - 3808. List the prime factors of w.
67, 173
Suppose -7*w - 3*w + 55280 = 0. Suppose -w = -30*k + 10252. List the prime factors of k.
2, 263
Let q(g) = 15*g**2 + 2*g + 1. Suppose 2*s + 4*f = -4, 5*s - f + 21 + 33 = 0. Let x be (5/s)/(1/4). What are the prime factors of q(x)?
3, 19
Suppose -126*y + 104*y + 25828 = 0. List the prime factors of y.
2, 587
Suppose 80 = -3*r - 31. Let j = 39 + r. List the prime factors of -3*38*(2/6 - j).
2, 5, 19
What are the prime factors of 2*((-69203)/(-14) - 2 - 248/434)?
41, 241
Suppose -78 = 74*q - 68*q. What are the prime factors of 2*2 - (-13)/(q/(-447))?
11, 41
Let u = -136 + 124. What are the prime factors of 94*(6 + 42/u)?
5, 47
Suppose 738*l - 742*l - 9916 = 0. Let u = l - -4395. What are the prime factors of u?
2, 479
Let a be 2 - (-5)/(-1) - 741. Let y = a + 1320. List the prime factors of y.
2, 3
Suppose 5*x - 2*a = 64364 + 7595, -3*x - 5*a = -43225. What are the prime factors of x?
5, 2879
Let u be 56/(-196) - (-60)/14. What are the prime factors of 8 + -4 + u - -313?
3, 107
List the prime factors of 19 - (6 - (9633 - 19)).
3, 3209
Let n = 21 - 11. Let y(k) = 3*k - 4*k + 2*k - n*k + 3. List the prime factors of y(-3).
2, 3, 5
Let c be 4/(-14) - 855/21. Let t = 43 + c. Suppose -67 = -p + 5*v, 5*p + t*v - 154 - 46 = 0. List the prime factors of p.
2, 3, 7
Let z(d) = -383*d**2 - 4*d + d**3 + 22*d + 366*d**2. What are the prime factors of z(16)?
2
Suppose 12*f - 53358 = 25218. What are the prime factors of f?
2, 1637
Let p be 4/12*(16 - -5). Suppose -6*h + p*h - 2*l = 266, -l = 4*h - 1100. List the prime factors of h.
2, 137
Let u(b) = -b**2 + 19*b - 13. Let h be u(18). Suppose -h*t - 16*t = -20580. What are the prime factors of t?
2, 5, 7
Let b(f) = -63*f - 25. Let t(v) = -v**2 + 22*v - 13. Let q be t(22). Let k = q - -9. What are the prime factors of b(k)?
227
Let u = -6 + 9. Suppose -u*k - 163 = -z, -5*z - 4*k + 691 = -162. What are the prime factors of z?
13
Let y(r) be the first derivative of -104*r**2 - 3*r - 2. Let f be y(-1). Suppose 902 = 9*d - f. What are the prime factors of d?
3, 41
Let l = -214 - -283. Suppose -783 = 66*w - l*w. What are the prime factors of w?
3, 29
Suppose 4*a = 4*r + 30252, -84*a = -82*a - 5*r - 15132. List the prime factors of a.
7561
Let z = 11359 + -3262. What are the prime factors of z?
3, 2699
Suppose -s = 5*d + 235, 2*d - 4*s + 72 = -0*s. Let u = d - -51. Suppose 6 = -2*h + u*h. List the prime factors of h.
2
Let o(d) = 454*d**2 - 73*d + 27. What are the prime factors of o(-4)?
7583
Suppose 3*b = -3*d + 14152 + 2372, -3*b - 16506 = -3*d. What are the prime factors of d?
3, 5, 367
Let g(u) = u**3 + 19*u**2 - 8*u - 9. Let r be g(-12). Let c = -756 + r. What are the prime factors of c?
3, 113
Suppose 6*p = -30*p - 7668. Let l = p + 370. What are the prime factors of l?
157
Suppose 0 = -2*n + 2*z + 4, 3*z - 8 = -4*n - 0. Suppose -3*t - 4*m = -9*m - 218, 3*m = -n*t + 120. List the prime factors of t.
2, 3, 11
Let l be 1342/6 + (2/6 - 0). Let w = -101 + 230. Suppose -g - w = -l. List the prime factors of g.
5, 19
List the prime factors of 18*(-10)/(-20) - -21576.
3, 5, 1439
Suppose -4*k + 26 = 5*n - 7*n, 2*k = -3*n + 33. Suppose 0 = 5*j - 4*l - 1003, 5*j - 14*l - 1000 = -k*l. List the prime factors of j.
7, 29
Let r(m) be the first derivative of 49*m - 2 + 1/4*m**4 + 1/2*m**2 + 1/3*m**3. What are the prime factors of r(0)?
7
Let s(h) = -2*h**2 - 12*h + 8. Let q be s(-7). Let j be (121/(-2) + -2)/(3/q). What are the prime factors of (-1)/((-1)/j) - -5?
2, 5, 13
Let i(c) = c**3 - 14*c**2 - 17*c - 34. Let a be i(15). Let h be (2/8)/(72/a)*-9. Suppose 3*u - 151 = 5*x, -u + 6 + 59 = h*x. What are the prime factors of u?
3, 19
Let p = -114 + 119. Suppose p*a - 70 = 5*b, -32 = 2*a - 3*a - 5*b. Suppose -1543 = -a*d - 455. List the prime factors of d.
2
Let o = -18404 + 35579. What are the prime factors of o?
3, 5, 229
Suppose 2*x + 5*p + 1444 = 0, 4*p = -5*x - p - 3610. Let s = -299 - x. List the prime factors of s.
3, 47
Let j(y) = 58*y**2 + 405*y + 21. List the prime factors of j(-16).
8389
Let r be 1 + -1 - (22 - 26). Suppose r*t + 2*l - 1704 = -0*t, l = 0. List the prime factors of t.
2, 3, 71
Suppose -7*b = -11*b - 2*x - 586, -b + 3*x = 129. Let g = -24 - b. List the prime factors of g.
2, 3, 5
Suppose 62*l - 64*l = -3*n - 22221, -22224 = -2*l + 2*n. Suppose 68*w - 83*w = -l. List the prime factors of w.
3, 13, 19
What are the prime factors of ((-56)/112)/(7/(-148358))?
10597
Suppose -42*r + 47034 = -15*r. What are the prime factors of r?
2, 13, 67
Suppose -528*c + 33972688 = -7897712. List the prime factors of c.
2, 5, 13, 61
Suppose 4*n - 286758 = -5*m, -160082 = -4*m + 4*n + 69310. What are the prime factors of m?
2, 5, 31, 37
List the prime factors of 53/(265/(-5774))*(-6 - -1).
2, 2887
Suppose -6*h - 12 = -2*j - 9*h, 5*j = 2*h + 11. Suppose -2*z = 5*x - 1268, 0 = -2*x - j*x + 4*z + 1244. What are the prime factors of x?
2, 3, 7
Suppose -1 = -7*q + 55. Let x(o) = o**3 - 4*o**2 - 12*o - 1. List the prime factors of x(q).
3, 53
Let i(t) = 16 + 25 + 15 + t - 57. Let a be i(1). Let h(w) = w**3 + 2*w**2 + 2*w + 233. List the prime factors of h(a).
233
Suppose -3 = v, 4*v = -3*h + 2*v + 6. Suppose 11 = h*f + 3. Suppose -5*d = -f*d - p - 150, 2*p + 250 = 5*d. What are the prime factors of d?
2, 5
Suppose -93*r - 2691 = -106*r. Suppose 1692 = 5*j - 3*y, 3*y + 543 = j + r. What are the prime factors of j?
3, 113
Suppose 0 = -51*r + 74*r - 14007. Suppose s - r = -j, 4*s = 6*s - j - 1203. List the prime factors of s.
2, 151
Suppose -j + 3*o + 1 = 0, 0*o + 5*o = 5*j - 15. Suppose 2*c - n - 435 = 0, -j*c = 4*n - 79 - 809. Let x = c - 122. What are the prime factors of x?
97
Suppose -21*a = -316231 - 153224. List the prime factors of a.
5, 17, 263
Suppose 0 = -42*u + 2470439 + 1623009 - 432686. List the prime factors of u.
43, 2027
Let s(d) be the second derivative of 26*d**3/3 + 31*d**2 - 15*d. List the prime factors of s(11).
2, 317
Let k = 134 - -65. Suppose 2*n + 211 = -g, 3*g = -5*n - 327 - k. What are the prime factors of (n/(-1) + 4)*1?
3, 37
What are the prime factors of 7*(22200/84 - -11)?
41, 47
Let p be 1*7 + -42 + 37. Suppose -3*h + 1212 = 5*v, -p*v + 243 = -3*h + 1434. What are the prime factors of h?
3, 7, 19
Let j = -26 + 122. Let u = j + -98. What are the prime factors of 223/(3/9 + u/(-3))?
223
Suppose 201*x - 221*x = -67540. What are the prime factors of x?
11, 307
Suppose 0 = -4*r + 8, 2*r - 5*r = -s + 738. Suppose 0 = c + 4*u - 237, 3*c + u = -0*u + s. What are the prime factors of c?
3, 83
Suppose l = 3*l + 5*a - 315, -5*l + 745 = 4*a. Let d = l + -131. What are the prime factors of 1860/d - 3/(-21)?
7, 19
Let u(f) = -3273*f + 110. What are the prime factors of u(-1)?
17, 199
Let b(f) be the second derivative of 8*f**2 + 2/3*f**3 + 0 + 1/12*f**4 + 35*f. List the prime factors of b(12).
2, 13
Suppose -3*v - 3*i - 115 = -8*v, 72 = 2*v + 4*i. Suppose -v*l = -22*l + 624. Let h = 365 + l. List the prime factors of h.
11, 19
Let c(i) = 738*i + 749*i + 84 - 1502*i. What are the prime factors of c(-9)?
3, 73
Let m = 339 - -52. What are the prime factors of m?
17, 23
Let s(t) = 2*t**2 - t - 6. Let x be s(-2). Let c = x +